{"id":357,"date":"2020-06-11T07:45:13","date_gmt":"2020-06-11T05:45:13","guid":{"rendered":"http:\/\/neu.juwelier-elling.de\/?page_id=357"},"modified":"2026-03-04T10:18:07","modified_gmt":"2026-03-04T09:18:07","slug":"service","status":"publish","type":"page","link":"https:\/\/juwelier-elling.de\/index.php\/goldschmiede\/service\/","title":{"rendered":"Service"},"content":{"rendered":"\t\t<div data-elementor-type=\"wp-page\" data-elementor-id=\"357\" class=\"elementor elementor-357\">\n\t\t\t\t\t\t<section class=\"elementor-section elementor-top-section elementor-element elementor-element-0ec1b3d elementor-section-boxed elementor-section-height-default elementor-section-height-default\" data-id=\"0ec1b3d\" data-element_type=\"section\" data-e-type=\"section\">\n\t\t\t\t\t\t<div class=\"elementor-container elementor-column-gap-default\">\n\t\t\t\t\t<div class=\"elementor-column elementor-col-100 elementor-top-column elementor-element elementor-element-0f2ac67\" data-id=\"0f2ac67\" data-element_type=\"column\" data-e-type=\"column\">\n\t\t\t<div class=\"elementor-widget-wrap elementor-element-populated\">\n\t\t\t\t\t\t<div class=\"elementor-element elementor-element-14bae20 elementor-widget elementor-widget-spacer\" data-id=\"14bae20\" data-element_type=\"widget\" data-e-type=\"widget\" data-widget_type=\"spacer.default\">\n\t\t\t\t<div class=\"elementor-widget-container\">\n\t\t\t\t\t\t\t<div class=\"elementor-spacer\">\n\t\t\t<div class=\"elementor-spacer-inner\"><\/div>\n\t\t<\/div>\n\t\t\t\t\t\t<\/div>\n\t\t\t\t<\/div>\n\t\t\t\t\t<\/div>\n\t\t<\/div>\n\t\t\t\t\t<\/div>\n\t\t<\/section>\n\t\t\t\t<section class=\"elementor-section elementor-top-section elementor-element elementor-element-1a4bbac elementor-section-boxed elementor-section-height-default elementor-section-height-default\" data-id=\"1a4bbac\" data-element_type=\"section\" data-e-type=\"section\">\n\t\t\t\t\t\t<div class=\"elementor-container elementor-column-gap-default\">\n\t\t\t\t\t<div class=\"elementor-column elementor-col-100 elementor-top-column elementor-element elementor-element-63f6495\" data-id=\"63f6495\" data-element_type=\"column\" data-e-type=\"column\">\n\t\t\t<div class=\"elementor-widget-wrap elementor-element-populated\">\n\t\t\t\t\t\t<div class=\"elementor-element elementor-element-a00f0cb elementor-widget elementor-widget-heading\" data-id=\"a00f0cb\" data-element_type=\"widget\" data-e-type=\"widget\" data-widget_type=\"heading.default\">\n\t\t\t\t<div class=\"elementor-widget-container\">\n\t\t\t\t\t<h2 class=\"elementor-heading-title elementor-size-default\">Reparaturen<\/h2>\t\t\t\t<\/div>\n\t\t\t\t<\/div>\n\t\t\t\t\t<\/div>\n\t\t<\/div>\n\t\t\t\t\t<\/div>\n\t\t<\/section>\n\t\t\t\t<section class=\"elementor-section elementor-top-section elementor-element elementor-element-0b47932 elementor-section-boxed elementor-section-height-default elementor-section-height-default\" data-id=\"0b47932\" data-element_type=\"section\" data-e-type=\"section\">\n\t\t\t\t\t\t<div class=\"elementor-container elementor-column-gap-default\">\n\t\t\t\t\t<div class=\"elementor-column elementor-col-100 elementor-top-column elementor-element elementor-element-52e2616\" data-id=\"52e2616\" data-element_type=\"column\" data-e-type=\"column\">\n\t\t\t<div class=\"elementor-widget-wrap elementor-element-populated\">\n\t\t\t\t\t\t<div class=\"elementor-element elementor-element-d5b1c18 elementor-widget elementor-widget-text-editor\" data-id=\"d5b1c18\" data-element_type=\"widget\" data-e-type=\"widget\" data-widget_type=\"text-editor.default\">\n\t\t\t\t<div class=\"elementor-widget-container\">\n\t\t\t\t\t\t\t\t\t<p>Ringe passend machen, gerissene Ketten reparieren, Verschl\u00fcsse ersetzen, fehlende Steine nachfassen, Tragespuren wegpolieren- das sind die h\u00e4ufigsten Servicearbeiten in unserer Goldschmiede.<\/p><p>Dank moderner Schwei\u00dftechnik k\u00f6nnen wir auch dicht an Edelsteinen oder federnden Teilen Material antragen. Karabiner verst\u00e4rken, \u00d6sen schlie\u00dfen, Ohrringe retten.<\/p><p>Fragen Sie uns, Vieles ist m\u00f6glich,\u00a0 wir machen unverbindlich Kostenvoranschl\u00e4ge.<\/p>\t\t\t\t\t\t\t\t<\/div>\n\t\t\t\t<\/div>\n\t\t\t\t\t<\/div>\n\t\t<\/div>\n\t\t\t\t\t<\/div>\n\t\t<\/section>\n\t\t\t\t<section class=\"elementor-section elementor-top-section elementor-element elementor-element-2df9d34 elementor-section-boxed elementor-section-height-default elementor-section-height-default\" data-id=\"2df9d34\" data-element_type=\"section\" data-e-type=\"section\">\n\t\t\t\t\t\t<div class=\"elementor-container elementor-column-gap-default\">\n\t\t\t\t\t<div class=\"elementor-column elementor-col-100 elementor-top-column elementor-element elementor-element-95c2c9b\" data-id=\"95c2c9b\" data-element_type=\"column\" data-e-type=\"column\">\n\t\t\t<div class=\"elementor-widget-wrap elementor-element-populated\">\n\t\t\t\t\t\t<div class=\"elementor-element elementor-element-8598c2a elementor-widget elementor-widget-heading\" data-id=\"8598c2a\" data-element_type=\"widget\" data-e-type=\"widget\" data-widget_type=\"heading.default\">\n\t\t\t\t<div class=\"elementor-widget-container\">\n\t\t\t\t\t<h2 class=\"elementor-heading-title elementor-size-default\">Aus Alt mach Neu<\/h2>\t\t\t\t<\/div>\n\t\t\t\t<\/div>\n\t\t\t\t\t<\/div>\n\t\t<\/div>\n\t\t\t\t\t<\/div>\n\t\t<\/section>\n\t\t\t\t<section class=\"elementor-section elementor-top-section elementor-element elementor-element-6746a7e elementor-section-boxed elementor-section-height-default elementor-section-height-default\" data-id=\"6746a7e\" data-element_type=\"section\" data-e-type=\"section\">\n\t\t\t\t\t\t<div class=\"elementor-container elementor-column-gap-default\">\n\t\t\t\t\t<div class=\"elementor-column elementor-col-100 elementor-top-column elementor-element elementor-element-f201817\" data-id=\"f201817\" data-element_type=\"column\" data-e-type=\"column\">\n\t\t\t<div class=\"elementor-widget-wrap elementor-element-populated\">\n\t\t\t\t\t\t<div class=\"elementor-element elementor-element-9a39a31 elementor-widget elementor-widget-text-editor\" data-id=\"9a39a31\" data-element_type=\"widget\" data-e-type=\"widget\" data-widget_type=\"text-editor.default\">\n\t\t\t\t<div class=\"elementor-widget-container\">\n\t\t\t\t\t\t\t\t\t<p>Jede Zeit hat Ihre Formenwelt. Manchmal ist ein Teil der Arbeit noch sch\u00f6n und kann in ein neues Schmuckst\u00fcck eingehen. Gold und Silber k\u00f6nnen wir auch einschmelzen und v\u00f6llig neu formen.<\/p><p>Ob das im Einzelfall wirtschaftlich sinnvoll ist kl\u00e4ren wir im Vorgespr\u00e4ch.<\/p><p>Alternativ kaufen wir das Material an und es kommt \u201ein den gro\u00dfen Topf\u201c.<\/p>\t\t\t\t\t\t\t\t<\/div>\n\t\t\t\t<\/div>\n\t\t\t\t\t<\/div>\n\t\t<\/div>\n\t\t\t\t\t<\/div>\n\t\t<\/section>\n\t\t\t\t<section class=\"elementor-section elementor-top-section elementor-element elementor-element-49d537a elementor-section-boxed elementor-section-height-default elementor-section-height-default\" data-id=\"49d537a\" data-element_type=\"section\" data-e-type=\"section\">\n\t\t\t\t\t\t<div class=\"elementor-container elementor-column-gap-default\">\n\t\t\t\t\t<div class=\"elementor-column elementor-col-100 elementor-top-column elementor-element elementor-element-1f91691\" data-id=\"1f91691\" data-element_type=\"column\" data-e-type=\"column\">\n\t\t\t<div class=\"elementor-widget-wrap elementor-element-populated\">\n\t\t\t\t\t\t<div class=\"elementor-element elementor-element-bd8ed9b elementor-widget elementor-widget-heading\" data-id=\"bd8ed9b\" data-element_type=\"widget\" data-e-type=\"widget\" data-widget_type=\"heading.default\">\n\t\t\t\t<div class=\"elementor-widget-container\">\n\t\t\t\t\t<h2 class=\"elementor-heading-title elementor-size-default\">Gravuren<\/h2>\t\t\t\t<\/div>\n\t\t\t\t<\/div>\n\t\t\t\t\t<\/div>\n\t\t<\/div>\n\t\t\t\t\t<\/div>\n\t\t<\/section>\n\t\t\t\t<section class=\"elementor-section elementor-top-section elementor-element elementor-element-424eaf0 elementor-section-boxed elementor-section-height-default elementor-section-height-default\" data-id=\"424eaf0\" data-element_type=\"section\" data-e-type=\"section\">\n\t\t\t\t\t\t<div class=\"elementor-container elementor-column-gap-default\">\n\t\t\t\t\t<div class=\"elementor-column elementor-col-100 elementor-top-column elementor-element elementor-element-22bd4d3\" data-id=\"22bd4d3\" data-element_type=\"column\" data-e-type=\"column\">\n\t\t\t<div class=\"elementor-widget-wrap elementor-element-populated\">\n\t\t\t\t\t\t<div class=\"elementor-element elementor-element-63d7ced elementor-widget elementor-widget-text-editor\" data-id=\"63d7ced\" data-element_type=\"widget\" data-e-type=\"widget\" data-widget_type=\"text-editor.default\">\n\t\t\t\t<div class=\"elementor-widget-container\">\n\t\t\t\t\t\t\t\t\t<p>Pers\u00f6nlicher wird ein Schmuck- Geschenk mit einer Gravur.<\/p><p>Texte in vielen Schriftarten, Ihrer Handschrift, Fingerabdr\u00fccke, Kinderzeichnungen- lassen Sie Ihrer Fantasie freien Lauf, wir bringen es ins Metall.<\/p>\t\t\t\t\t\t\t\t<\/div>\n\t\t\t\t<\/div>\n\t\t\t\t\t<\/div>\n\t\t<\/div>\n\t\t\t\t\t<\/div>\n\t\t<\/section>\n\t\t\t\t<\/div>\n\t\t","protected":false},"excerpt":{"rendered":"<p>Reparaturen Ringe passend machen, gerissene Ketten reparieren, Verschl\u00fcsse ersetzen, fehlende Steine nachfassen, Tragespuren wegpolieren- das sind die h\u00e4ufigsten Servicearbeiten in unserer Goldschmiede. Dank moderner Schwei\u00dftechnik k\u00f6nnen wir auch dicht an Edelsteinen oder federnden Teilen Material antragen. Karabiner verst\u00e4rken, \u00d6sen schlie\u00dfen, Ohrringe retten. Fragen Sie uns, Vieles ist m\u00f6glich,\u00a0 wir machen<a class=\"moretag\" href=\"https:\/\/juwelier-elling.de\/index.php\/goldschmiede\/service\/\"> Weiterlesen<\/a><\/p>\n","protected":false},"author":1,"featured_media":0,"parent":11,"menu_order":0,"comment_status":"closed","ping_status":"closed","template":"page-templates\/template-fullwidth.php","meta":{"footnotes":""},"class_list":["post-357","page","type-page","status-publish","hentry"],"jetpack_sharing_enabled":true,"_links":{"self":[{"href":"https:\/\/juwelier-elling.de\/index.php\/wp-json\/wp\/v2\/pages\/357","targetHints":{"allow":["GET"]}}],"collection":[{"href":"https:\/\/juwelier-elling.de\/index.php\/wp-json\/wp\/v2\/pages"}],"about":[{"href":"https:\/\/juwelier-elling.de\/index.php\/wp-json\/wp\/v2\/types\/page"}],"author":[{"embeddable":true,"href":"https:\/\/juwelier-elling.de\/index.php\/wp-json\/wp\/v2\/users\/1"}],"replies":[{"embeddable":true,"href":"https:\/\/juwelier-elling.de\/index.php\/wp-json\/wp\/v2\/comments?post=357"}],"version-history":[{"count":4,"href":"https:\/\/juwelier-elling.de\/index.php\/wp-json\/wp\/v2\/pages\/357\/revisions"}],"predecessor-version":[{"id":548,"href":"https:\/\/juwelier-elling.de\/index.php\/wp-json\/wp\/v2\/pages\/357\/revisions\/548"}],"up":[{"embeddable":true,"href":"https:\/\/juwelier-elling.de\/index.php\/wp-json\/wp\/v2\/pages\/11"}],"wp:attachment":[{"href":"https:\/\/juwelier-elling.de\/index.php\/wp-json\/wp\/v2\/media?parent=357"}],"curies":[{"name":"wp","href":"https:\/\/api.w.org\/{rel}","templated":true}]}}