{"id":13,"date":"2020-02-25T09:27:54","date_gmt":"2020-02-25T08:27:54","guid":{"rendered":"http:\/\/neu.juwelier-elling.de\/?page_id=13"},"modified":"2026-03-04T10:22:59","modified_gmt":"2026-03-04T09:22:59","slug":"schmuck","status":"publish","type":"page","link":"https:\/\/juwelier-elling.de\/index.php\/schmuck\/","title":{"rendered":"Schmuck"},"content":{"rendered":"\t\t<div data-elementor-type=\"wp-page\" data-elementor-id=\"13\" class=\"elementor elementor-13\">\n\t\t\t\t\t\t<section class=\"elementor-section elementor-top-section elementor-element elementor-element-fbdfe94 elementor-section-boxed elementor-section-height-default elementor-section-height-default\" data-id=\"fbdfe94\" data-element_type=\"section\" data-e-type=\"section\">\n\t\t\t\t\t\t<div class=\"elementor-container elementor-column-gap-default\">\n\t\t\t\t\t<div class=\"elementor-column elementor-col-100 elementor-top-column elementor-element elementor-element-bc35967\" data-id=\"bc35967\" data-element_type=\"column\" data-e-type=\"column\">\n\t\t\t<div class=\"elementor-widget-wrap elementor-element-populated\">\n\t\t\t\t\t\t<div class=\"elementor-element elementor-element-126d751 elementor-widget elementor-widget-spacer\" data-id=\"126d751\" data-element_type=\"widget\" data-e-type=\"widget\" data-widget_type=\"spacer.default\">\n\t\t\t\t<div class=\"elementor-widget-container\">\n\t\t\t\t\t\t\t<div class=\"elementor-spacer\">\n\t\t\t<div class=\"elementor-spacer-inner\"><\/div>\n\t\t<\/div>\n\t\t\t\t\t\t<\/div>\n\t\t\t\t<\/div>\n\t\t\t\t\t<\/div>\n\t\t<\/div>\n\t\t\t\t\t<\/div>\n\t\t<\/section>\n\t\t\t\t<section class=\"elementor-section elementor-top-section elementor-element elementor-element-936bb7e elementor-section-boxed elementor-section-height-default elementor-section-height-default\" data-id=\"936bb7e\" data-element_type=\"section\" data-e-type=\"section\">\n\t\t\t\t\t\t<div class=\"elementor-container elementor-column-gap-default\">\n\t\t\t\t\t<div class=\"elementor-column elementor-col-100 elementor-top-column elementor-element elementor-element-11c1b4d\" data-id=\"11c1b4d\" data-element_type=\"column\" data-e-type=\"column\">\n\t\t\t<div class=\"elementor-widget-wrap elementor-element-populated\">\n\t\t\t\t\t\t<div class=\"elementor-element elementor-element-6a734c7 elementor-widget elementor-widget-heading\" data-id=\"6a734c7\" data-element_type=\"widget\" data-e-type=\"widget\" data-widget_type=\"heading.default\">\n\t\t\t\t<div class=\"elementor-widget-container\">\n\t\t\t\t\t<h2 class=\"elementor-heading-title elementor-size-default\">F\u00fcr jeden Geschmack die sch\u00f6nsten St\u00fccke<\/h2>\t\t\t\t<\/div>\n\t\t\t\t<\/div>\n\t\t\t\t\t<\/div>\n\t\t<\/div>\n\t\t\t\t\t<\/div>\n\t\t<\/section>\n\t\t\t\t<section class=\"elementor-section elementor-top-section elementor-element elementor-element-fd090ce elementor-section-boxed elementor-section-height-default elementor-section-height-default\" data-id=\"fd090ce\" data-element_type=\"section\" data-e-type=\"section\">\n\t\t\t\t\t\t<div class=\"elementor-container elementor-column-gap-default\">\n\t\t\t\t\t<div class=\"elementor-column elementor-col-100 elementor-top-column elementor-element elementor-element-5ab50b1\" data-id=\"5ab50b1\" data-element_type=\"column\" data-e-type=\"column\">\n\t\t\t<div class=\"elementor-widget-wrap elementor-element-populated\">\n\t\t\t\t\t\t<div class=\"elementor-element elementor-element-25aa72b elementor-widget elementor-widget-text-editor\" data-id=\"25aa72b\" data-element_type=\"widget\" data-e-type=\"widget\" data-widget_type=\"text-editor.default\">\n\t\t\t\t<div class=\"elementor-widget-container\">\n\t\t\t\t\t\t\t\t\t<p>Vom Kinderohrstecker bis zum Brillantring, vom Gravur- Armband bis zum massiven Goldcollier. Bei Juwelier Elling finden Sie ein wechselndes Sortiment liebevoll ausgew\u00e4hlter aktueller Schmucksachen aus Gold, Silber, Platin\u2026.<\/p><p>Nichts geht \u00fcber Probieren, deshalb freuen wir uns \u00fcber Ihren Besuch und wir beraten Sie gern. Nat\u00fcrlich unverbindlich.<\/p>\t\t\t\t\t\t\t\t<\/div>\n\t\t\t\t<\/div>\n\t\t\t\t\t<\/div>\n\t\t<\/div>\n\t\t\t\t\t<\/div>\n\t\t<\/section>\n\t\t\t\t<section class=\"elementor-section elementor-top-section elementor-element elementor-element-6b88a02 elementor-section-boxed elementor-section-height-default elementor-section-height-default\" data-id=\"6b88a02\" data-element_type=\"section\" data-e-type=\"section\">\n\t\t\t\t\t\t<div class=\"elementor-container elementor-column-gap-default\">\n\t\t\t\t\t<div class=\"elementor-column elementor-col-50 elementor-top-column elementor-element elementor-element-c7d888b\" data-id=\"c7d888b\" data-element_type=\"column\" data-e-type=\"column\">\n\t\t\t<div class=\"elementor-widget-wrap elementor-element-populated\">\n\t\t\t\t\t\t<div class=\"elementor-element elementor-element-b2cbdde elementor-widget elementor-widget-e_image_hover_effects\" data-id=\"b2cbdde\" data-element_type=\"widget\" data-e-type=\"widget\" data-widget_type=\"e_image_hover_effects.default\">\n\t\t\t\t<div class=\"elementor-widget-container\">\n\t\t\t\t\t\t\t\t<div class=\"eihe-box eihe-fade-in-up eihe_center\">\n\t\t\t\t<img fetchpriority=\"high\" decoding=\"async\" width=\"1795\" height=\"1795\" src=\"https:\/\/juwelier-elling.de\/wp-content\/uploads\/2020\/06\/IMG_0637-2.jpg\" class=\"attachment-full size-full wp-image-400\" alt=\"\" srcset=\"https:\/\/juwelier-elling.de\/wp-content\/uploads\/2020\/06\/IMG_0637-2.jpg 1795w, https:\/\/juwelier-elling.de\/wp-content\/uploads\/2020\/06\/IMG_0637-2-300x300.jpg 300w, https:\/\/juwelier-elling.de\/wp-content\/uploads\/2020\/06\/IMG_0637-2-1024x1024.jpg 1024w, https:\/\/juwelier-elling.de\/wp-content\/uploads\/2020\/06\/IMG_0637-2-150x150.jpg 150w, https:\/\/juwelier-elling.de\/wp-content\/uploads\/2020\/06\/IMG_0637-2-768x768.jpg 768w, https:\/\/juwelier-elling.de\/wp-content\/uploads\/2020\/06\/IMG_0637-2-1536x1536.jpg 1536w\" sizes=\"(max-width: 1795px) 100vw, 1795px\" \/>\t\t\t\t<div class=\"eihe-caption\">\n\t\t\t\t\t<div class=\"eihe-title-cover\">\n\t\t\t\t\t\t\t\t\t\t\t\t<h3 class=\"eihe-title\">Kinderohrringe<\/h3>\n\t\t\t\t\t\t\t\t\t\t\t<\/div>\n\t\t\t\t\t<p><\/p>\n\t\t\t\t<\/div>\n\t\t\t<\/div>\n\t\t\t\t\t\t<\/div>\n\t\t\t\t<\/div>\n\t\t\t\t\t<\/div>\n\t\t<\/div>\n\t\t\t\t<div class=\"elementor-column elementor-col-50 elementor-top-column elementor-element elementor-element-ef2de49\" data-id=\"ef2de49\" data-element_type=\"column\" data-e-type=\"column\">\n\t\t\t<div class=\"elementor-widget-wrap elementor-element-populated\">\n\t\t\t\t\t\t<div class=\"elementor-element elementor-element-a225dc3 elementor-widget elementor-widget-e_image_hover_effects\" data-id=\"a225dc3\" data-element_type=\"widget\" data-e-type=\"widget\" data-widget_type=\"e_image_hover_effects.default\">\n\t\t\t\t<div class=\"elementor-widget-container\">\n\t\t\t\t\t\t\t\t<div class=\"eihe-box eihe-fade-in-up eihe_center\">\n\t\t\t\t<img decoding=\"async\" width=\"1384\" height=\"1384\" src=\"https:\/\/juwelier-elling.de\/wp-content\/uploads\/2020\/06\/IMG_0640-2.jpg\" class=\"attachment-full size-full wp-image-401\" alt=\"\" srcset=\"https:\/\/juwelier-elling.de\/wp-content\/uploads\/2020\/06\/IMG_0640-2.jpg 1384w, https:\/\/juwelier-elling.de\/wp-content\/uploads\/2020\/06\/IMG_0640-2-300x300.jpg 300w, https:\/\/juwelier-elling.de\/wp-content\/uploads\/2020\/06\/IMG_0640-2-1024x1024.jpg 1024w, https:\/\/juwelier-elling.de\/wp-content\/uploads\/2020\/06\/IMG_0640-2-150x150.jpg 150w, https:\/\/juwelier-elling.de\/wp-content\/uploads\/2020\/06\/IMG_0640-2-768x768.jpg 768w\" sizes=\"(max-width: 1384px) 100vw, 1384px\" \/>\t\t\t\t<div class=\"eihe-caption\">\n\t\t\t\t\t<div class=\"eihe-title-cover\">\n\t\t\t\t\t\t\t\t\t\t\t\t<h3 class=\"eihe-title\">Brillantring<\/h3>\n\t\t\t\t\t\t\t\t\t\t\t<\/div>\n\t\t\t\t\t<p><\/p>\n\t\t\t\t<\/div>\n\t\t\t<\/div>\n\t\t\t\t\t\t<\/div>\n\t\t\t\t<\/div>\n\t\t\t\t\t<\/div>\n\t\t<\/div>\n\t\t\t\t\t<\/div>\n\t\t<\/section>\n\t\t\t\t<section class=\"elementor-section elementor-top-section elementor-element elementor-element-f479b4b elementor-section-boxed elementor-section-height-default elementor-section-height-default\" data-id=\"f479b4b\" data-element_type=\"section\" data-e-type=\"section\">\n\t\t\t\t\t\t<div class=\"elementor-container elementor-column-gap-default\">\n\t\t\t\t\t<div class=\"elementor-column elementor-col-50 elementor-top-column elementor-element elementor-element-7c4cea6\" data-id=\"7c4cea6\" data-element_type=\"column\" data-e-type=\"column\">\n\t\t\t<div class=\"elementor-widget-wrap elementor-element-populated\">\n\t\t\t\t\t\t<div class=\"elementor-element elementor-element-311a043 elementor-widget elementor-widget-e_image_hover_effects\" data-id=\"311a043\" data-element_type=\"widget\" data-e-type=\"widget\" data-widget_type=\"e_image_hover_effects.default\">\n\t\t\t\t<div class=\"elementor-widget-container\">\n\t\t\t\t\t\t\t\t<div class=\"eihe-box eihe-fade-in-up eihe_center\">\n\t\t\t\t<img decoding=\"async\" width=\"1098\" height=\"1097\" src=\"https:\/\/juwelier-elling.de\/wp-content\/uploads\/2020\/06\/IMG_0650-2.jpg\" class=\"attachment-full size-full wp-image-402\" alt=\"\" srcset=\"https:\/\/juwelier-elling.de\/wp-content\/uploads\/2020\/06\/IMG_0650-2.jpg 1098w, https:\/\/juwelier-elling.de\/wp-content\/uploads\/2020\/06\/IMG_0650-2-300x300.jpg 300w, https:\/\/juwelier-elling.de\/wp-content\/uploads\/2020\/06\/IMG_0650-2-1024x1024.jpg 1024w, https:\/\/juwelier-elling.de\/wp-content\/uploads\/2020\/06\/IMG_0650-2-150x150.jpg 150w, https:\/\/juwelier-elling.de\/wp-content\/uploads\/2020\/06\/IMG_0650-2-768x767.jpg 768w\" sizes=\"(max-width: 1098px) 100vw, 1098px\" \/>\t\t\t\t<div class=\"eihe-caption\">\n\t\t\t\t\t<div class=\"eihe-title-cover\">\n\t\t\t\t\t\t\t\t\t\t\t\t<h3 class=\"eihe-title\">Armband mit Gravur<\/h3>\n\t\t\t\t\t\t\t\t\t\t\t<\/div>\n\t\t\t\t\t<p><\/p>\n\t\t\t\t<\/div>\n\t\t\t<\/div>\n\t\t\t\t\t\t<\/div>\n\t\t\t\t<\/div>\n\t\t\t\t\t<\/div>\n\t\t<\/div>\n\t\t\t\t<div class=\"elementor-column elementor-col-50 elementor-top-column elementor-element elementor-element-9d4711e\" data-id=\"9d4711e\" data-element_type=\"column\" data-e-type=\"column\">\n\t\t\t<div class=\"elementor-widget-wrap elementor-element-populated\">\n\t\t\t\t\t\t<div class=\"elementor-element elementor-element-5735f0b elementor-widget elementor-widget-e_image_hover_effects\" data-id=\"5735f0b\" data-element_type=\"widget\" data-e-type=\"widget\" data-widget_type=\"e_image_hover_effects.default\">\n\t\t\t\t<div class=\"elementor-widget-container\">\n\t\t\t\t\t\t\t\t<div class=\"eihe-box eihe-fade-in-up eihe_center\">\n\t\t\t\t<img loading=\"lazy\" decoding=\"async\" width=\"2056\" height=\"2056\" src=\"https:\/\/juwelier-elling.de\/wp-content\/uploads\/2020\/06\/IMG_0655-2.jpg\" class=\"attachment-full size-full wp-image-403\" alt=\"\" srcset=\"https:\/\/juwelier-elling.de\/wp-content\/uploads\/2020\/06\/IMG_0655-2.jpg 2056w, https:\/\/juwelier-elling.de\/wp-content\/uploads\/2020\/06\/IMG_0655-2-300x300.jpg 300w, https:\/\/juwelier-elling.de\/wp-content\/uploads\/2020\/06\/IMG_0655-2-1024x1024.jpg 1024w, https:\/\/juwelier-elling.de\/wp-content\/uploads\/2020\/06\/IMG_0655-2-150x150.jpg 150w, https:\/\/juwelier-elling.de\/wp-content\/uploads\/2020\/06\/IMG_0655-2-768x768.jpg 768w, https:\/\/juwelier-elling.de\/wp-content\/uploads\/2020\/06\/IMG_0655-2-1536x1536.jpg 1536w, https:\/\/juwelier-elling.de\/wp-content\/uploads\/2020\/06\/IMG_0655-2-2048x2048.jpg 2048w\" sizes=\"(max-width: 2056px) 100vw, 2056px\" \/>\t\t\t\t<div class=\"eihe-caption\">\n\t\t\t\t\t<div class=\"eihe-title-cover\">\n\t\t\t\t\t\t\t\t\t\t\t\t<h3 class=\"eihe-title\">Collier massiv 585<\/h3>\n\t\t\t\t\t\t\t\t\t\t\t<\/div>\n\t\t\t\t\t<p><\/p>\n\t\t\t\t<\/div>\n\t\t\t<\/div>\n\t\t\t\t\t\t<\/div>\n\t\t\t\t<\/div>\n\t\t\t\t\t<\/div>\n\t\t<\/div>\n\t\t\t\t\t<\/div>\n\t\t<\/section>\n\t\t\t\t<section class=\"elementor-section elementor-top-section elementor-element elementor-element-2b1c791 elementor-section-boxed elementor-section-height-default elementor-section-height-default\" data-id=\"2b1c791\" data-element_type=\"section\" data-e-type=\"section\">\n\t\t\t\t\t\t<div class=\"elementor-container elementor-column-gap-default\">\n\t\t\t\t\t<div class=\"elementor-column elementor-col-100 elementor-top-column elementor-element elementor-element-ce21aae\" data-id=\"ce21aae\" data-element_type=\"column\" data-e-type=\"column\">\n\t\t\t<div class=\"elementor-widget-wrap elementor-element-populated\">\n\t\t\t\t\t\t<div class=\"elementor-element elementor-element-3118475 elementor-widget elementor-widget-spacer\" data-id=\"3118475\" data-element_type=\"widget\" data-e-type=\"widget\" data-widget_type=\"spacer.default\">\n\t\t\t\t<div class=\"elementor-widget-container\">\n\t\t\t\t\t\t\t<div class=\"elementor-spacer\">\n\t\t\t<div class=\"elementor-spacer-inner\"><\/div>\n\t\t<\/div>\n\t\t\t\t\t\t<\/div>\n\t\t\t\t<\/div>\n\t\t\t\t\t<\/div>\n\t\t<\/div>\n\t\t\t\t\t<\/div>\n\t\t<\/section>\n\t\t\t\t<\/div>\n\t\t","protected":false},"excerpt":{"rendered":"<p>F\u00fcr jeden Geschmack die sch\u00f6nsten St\u00fccke Vom Kinderohrstecker bis zum Brillantring, vom Gravur- Armband bis zum massiven Goldcollier. Bei Juwelier Elling finden Sie ein wechselndes Sortiment liebevoll ausgew\u00e4hlter aktueller Schmucksachen aus Gold, Silber, Platin\u2026. Nichts geht \u00fcber Probieren, deshalb freuen wir uns \u00fcber Ihren Besuch und wir beraten Sie gern.<a class=\"moretag\" href=\"https:\/\/juwelier-elling.de\/index.php\/schmuck\/\"> Weiterlesen<\/a><\/p>\n","protected":false},"author":1,"featured_media":0,"parent":0,"menu_order":0,"comment_status":"closed","ping_status":"closed","template":"page-templates\/template-fullwidth.php","meta":{"footnotes":""},"class_list":["post-13","page","type-page","status-publish","hentry"],"jetpack_sharing_enabled":true,"_links":{"self":[{"href":"https:\/\/juwelier-elling.de\/index.php\/wp-json\/wp\/v2\/pages\/13","targetHints":{"allow":["GET"]}}],"collection":[{"href":"https:\/\/juwelier-elling.de\/index.php\/wp-json\/wp\/v2\/pages"}],"about":[{"href":"https:\/\/juwelier-elling.de\/index.php\/wp-json\/wp\/v2\/types\/page"}],"author":[{"embeddable":true,"href":"https:\/\/juwelier-elling.de\/index.php\/wp-json\/wp\/v2\/users\/1"}],"replies":[{"embeddable":true,"href":"https:\/\/juwelier-elling.de\/index.php\/wp-json\/wp\/v2\/comments?post=13"}],"version-history":[{"count":11,"href":"https:\/\/juwelier-elling.de\/index.php\/wp-json\/wp\/v2\/pages\/13\/revisions"}],"predecessor-version":[{"id":521,"href":"https:\/\/juwelier-elling.de\/index.php\/wp-json\/wp\/v2\/pages\/13\/revisions\/521"}],"wp:attachment":[{"href":"https:\/\/juwelier-elling.de\/index.php\/wp-json\/wp\/v2\/media?parent=13"}],"curies":[{"name":"wp","href":"https:\/\/api.w.org\/{rel}","templated":true}]}}